e 2) in base 5?
2
3323 (base 4) to base 3
100022
What is 1 (base 16) in base 5?
1
Convert 1 (base 3) to base 13.
1
What is -12 (base 6) in base 10?
-8
What is 3 (base 9) in base 11?
3
What is -11 (base 2) in base 11?
-3
Convert -9 (base 11) to base 10.
-9
Convert -2 (base 12) to base 10.
-2
Convert -100 (base 2) to base 5.
-4
What is 210 (base 9) in base 13?
102
What is 2 (base 3) in base 13?
2
What is -4 (base 13) in base 2?
-100
Convert -45 (base 11) to base 14.
-37
What is -3 (base 11) in base 15?
-3
Convert 28 (base 13) to base 3.
1021
-2 (base 9) to base 6
-2
What is 0 (base 6) in base 8?
0
What is -5 (base 10) in base 13?
-5
4 (base 15) to base 3
11
Convert 17 (base 9) to base 2.
10000
-29 (base 11) to base 4
-133
50 (base 7) to base 5
120
Convert 1 (base 5) to base 11.
1
Convert -1300 (base 6) to base 14.
-192
0 (base 10) to base 6
0
10 (base 15) to base 7
21
What is 6 (base 9) in base 8?
6
What is 4 (base 6) in base 11?
4
-22 (base 6) to base 12
-12
Convert -1300 (base 5) to base 7.
-404
-2 (base 14) to base 11
-2
17 (base 15) to base 6
34
Convert -1122 (base 3) to base 13.
-35
-104 (base 9) to base 3
-10011
-2 (base 6) to base 7
-2
Convert 1 (base 9) to base 7.
1
What is -11 (base 3) in base 16?
-4
Convert -2 (base 16) to base 10.
-2
-52 (base 8) to base 6
-110
-22 (base 3) to base 4
-20
Convert 3 (base 14) to base 6.
3
Convert 50 (base 14) to base 7.
130
What is 11110 (base 2) in base 12?
26
What is 193 (base 10) in base 16?
c1
-b (base 14) to base 3
-102
31 (base 4) to base 8
15
What is -5 (base 16) in base 7?
-5
Convert -1 (base 13) to base 8.
-1
What is -59 (base 13) in base 3?
-2202
What is -5 (base 6) in base 11?
-5
What is 3 (base 6) in base 5?
3
-302 (base 7) to base 12
-105
-20020 (base 3) to base 14
-c0
Convert 30 (base 5) to base 8.
17
What is 10 (base 7) in base 9?
7
What is -202 (base 3) in base 8?
-24
-a (base 13) to base 14
-a
What is -3332 (base 4) in base 3?
-100102
233 (base 10) to base 12
175
What is -15 (base 6) in base 11?
-10
What is 3 (base 5) in base 8?
3
Convert -13 (base 7) to base 2.
-1010
Convert -100 (base 7) to base 13.
-3a
-21 (base 15) to base 12
-27
What is 0 (base 5) in base 8?
0
What is -2 (base 14) in base 16?
-2
What is -2 (base 11) in base 13?
-2
Convert 210 (base 3) to base 10.
21
What is 1 (base 14) in base 5?
1
Convert 14 (base 7) to base 3.
102
2 (base 3) to base 12
2
62 (base 16) to base 8
142
What is -111 (base 3) in base 5?
-23
1 (base 4) to base 15
1
What is 143 (base 8) in base 9?
120
Convert -8 (base 16) to base 6.
-12
-105 (base 8) to base 13
-54
What is -250 (base 6) in base 14?
-74
What is -13 (base 15) in base 11?
-17
2 (base 12) to base 10
2
141 (base 16) to base 12
229
Convert -1321 (base 4) to base 12.
-a1
Convert -43 (base 13) to base 6.
-131
Convert -2 (base 6) to base 7.
-2
Convert -2134 (base 5) to base 11.
-248
Convert 3 (base 12) to base 15.
3
Convert -60 (base 12) to base 10.
-72
-131 (base 6) to base 11
-50
Convert 114 (base 8) to base 5.
301
-2 (base 15) to base 10
-2
-14b (base 14) to base 11
-21a
Convert -140 (base 8) to base 15.
-66
What is 0 (base 7) in base 10?
0
Convert 3 (base 14) to base 3.
10
-12 (base 9) to base 13
-b
1 (base 5) to base 8
1
Convert 76 (base 14) to base 5.
404
Convert 10 (base 4) to base 12.
4
Convert 1 (base 16) to base 12.
1
Convert 20 (base 4) to base 3.
22
b (base 13) to base 15
b
What is 14 (base 12) in base 11?
15
-2 (base 14) to base 2
-10
What is 350 (base 6) in base 9?
163
-3 (base 6) to base 8
-3
Convert -3 (base 8) to base 10.
-3
What is -3 (base 15) in base 4?
-3
28 (base 10) to base 12
24
Convert -4 (base 5) to base 15.
-4
What is 10 (base 6) in base 4?
12
Convert 3 (base 9) to base 5.
3
Convert -10000 (base 2) to base 14.
-12
Convert -1 (base 2) to base 7.
-1
What is 25 (base 6) in base 4?
101
What is 25 (base 13) in base 6?
51
-103 (base 4) to base 16
-13
6 (base 10) to base 12
6
Convert -2 (base 8) to base 2.
-10
Convert 14 (base 6) to base 2.
1010
What is -1102 (base 5) in base 2?
-10011000
Convert 1 (base 5) to base 3.
1
What is -2 (base 5) in base 10?
-2
What is -60 (base 7) in base 8?
-52
Convert -101 (base 13) to base 9.
-208
What is 43 (base 5) in base 10?
23
Convert -110 (base 5) to base 14.
-22
-2022 (base 4) to base 7
-255
-194 (base 16) to base 2
-110010100
Convert -1 (base 5) to base 7.
-1
1110000 (base 2) to base 13
88
What is 111 (base 3) in base 11?
12
4 (base 12) to base 6
4
Convert 0 (base 13) to base 7.
0
Convert -23 (base 5) to base 15.
-d
Convert 10 (base 8) to base 6.
12
Convert a0 (base 11) to base 9.
132
What is 7 (base 9) in base 12?
7
What is 30 (base 14) in base 9?
46
What is -344 (base 7) in base 16?
-b3
What is -7 (base 12) in base 11?
-7
What is -5 (base 10) in base 6?
-5
What is a4 (base 13) in base 6?
342
Convert -3a (base 14) to base 13.
-40
What is 10 (base 10) in base 16?
a
Convert 192 (base 11) to base 7.
435
Convert -1 (base 3) to base 11.
-1
What is 100 (base 6) in base 14?
28
Convert 2102 (base 3) to base 7.
122
2 (base 10) to base 6
2
What is -115 (base 9) in base 16?
-5f
What is 3 (base 13) in base 5?
3
10001 (base 2) to base 3
122
What is 165 (base 12) in base 11?
191
What is 5 (base 10) in base 11?
5
14 (base 5) to base 4
21
Convert 72 (base 11) to base 12.
67
4 (base 6) to base 5
4
What is -a (base 12) in base 2?
-1010
1 (base 16) to base 3
1
Convert -2222 (base 3) to base 6.
-212
Convert 100 (base 2) to base 12.
4
What is -1 (base 12) in base 5?
-1
-52 (base 6) to base 5
-112
Convert 16 (base 11) to base 2.
10001
4 (base 13) to base 14
4
What is 16 (base 11) in base 9?
18
Convert -257 (base 8) to base 6.
-451
What is -90 (base 16) in base 2?
-10010000
-3 (base 7) to base 8
-3
-1010011 (base 2) to base 13
-65
-a (base 12) to base 10
-10
What is 5 (base 16) in base 14?
5
Convert 11 (base 6) to base 12.
7
-10 (base 3) to base 9
-3
-5 (base 15) to base 5
-10
Convert 157 (base 8) to base 16.
6f
What is 156 (base 8) in base 14?
7c
2 (base 15) to base 10
2
Convert -1 (base 13) to base 3.
-1
What is 10 (base 2) in base 9?
2
-2 (base 7) to base 14
-2
Convert 4 (base 12) to base 13.
4
What is 79 (base 11) in base 13?
68
What is -40 (base 12) in base 2?
-110000
What is 9 (base 12) in base 11?
9
Convert 13 (base 9) to base 5.
22
10 (base 11) to base 15
b
13 (base 5) to base 4
20
d (base 15) to base 6
21
Convert 0 (base 8) to base 7.
0
Convert -9b (base 12) to base 5.
-434
What is 2 (base 6) in base 3?
2
3e (base 16) to base 7
116
What is -2 (base 8) in base 15?
-2
What is -1 (base 16) in base 7?
-1
Convert 331 (base 4) to base 10.
61
Convert 221 (base 4) to base 13.
32
-4c (base 15) to base 12
-60
-1 (base 8) to base 10
-1
17 (base 9) to base 16
10
Convert -28 (base 13) to base 3.
-1021
Convert 4 (base 7) to base 16.
4
-10 (base 11) to base 9
-12
4 (base 5) to base 2
100
Convert -109 (base 11) to base 6.
-334
Convert 0 (base 9) to base 11.
0
-1231 (base 4) to base 8
-155
0 (base 11) to base 5
0
Convert 17 (base 14) to base 15.
16
What is 141 (base 15) in base 11?
240
221 (base 12) to base 14
185
-211 (base 7) to base 14
-78
What is 47 (base 9) in base 13?
34
2 (base 12) to base 3
2
Convert -9 (base 12) to base 14.
-9
Convert 3 (base 14) to base 10.
3
6 (base 15) to base 13
6
Convert -49 (base 13) to base 8.
-75
Convert 32 (base 15) to base 12.
3b
What is 1 (base 2) in base 8?
1
Convert 12 (base 4) to base 8.
6
What is 23 (base 14) in base 16?
1f
18 (base 10) to base 6
30
13 (base 9) to base 2
1100
-1 (base 10) to base 4
-1
6 (base 12) to base 7
6
Convert -12223 (base 4) to base 8.
-653
6 (base 12) to base 2
110
Convert 3 (base 6) to base 9.
3
-3 (base 8) to base 16
-3
What is -9 (base 13) in base 9?
-10
What is -54 (base 9) in base 15?
-34
Convert 10100100 (base 2) to base 6.
432
What is 52 (base 14) in base 16?
48
1 (base 14) to base 5
1
What is -2 (base 16) in base 4?
-2
10 (base 15) to base 16
f
Convert -1 (base 15) to base 6.
-1
What is -12 (base 8) in base 4?
-22
What is 3 (base 4) in base 14?
3
What is 234 (base 8) in base 9?
183
Convert -40 (base 8) to base 13.
-26
0 (base 7) to base 16
0
Convert -21 (base 10) to base 9.
-23
Convert -3 (base 13) to base 8.
-3
10202 (base 3) to base 15
6b
1 (base 7) to base 8
1
What is -1 (base 10) in base 6?
-1
What is -202 (base 3) in base 7?
-26
Convert